 hundreds digit of 5200?
2
What is the hundreds digit of 8640?
6
What is the ten thousands digit of 100963?
0
What is the units digit of 2064?
4
What is the ten thousands digit of 24118?
2
What is the units digit of 24170?
0
What is the units digit of 392?
2
What is the thousands digit of 14263?
4
What is the tens digit of 315?
1
What is the units digit of 1339?
9
What is the units digit of 3571?
1
What is the hundreds digit of 2419?
4
What is the thousands digit of 33934?
3
What is the tens digit of 37670?
7
What is the units digit of 29713?
3
What is the thousands digit of 12942?
2
What is the hundreds digit of 3395?
3
What is the hundreds digit of 91230?
2
What is the units digit of 496?
6
What is the units digit of 24884?
4
What is the hundreds digit of 789?
7
What is the units digit of 54645?
5
What is the units digit of 99914?
4
What is the thousands digit of 20141?
0
What is the tens digit of 1066?
6
What is the hundreds digit of 2159?
1
What is the units digit of 547?
7
What is the units digit of 8911?
1
What is the hundreds digit of 3029?
0
What is the tens digit of 1576?
7
What is the tens digit of 374?
7
What is the thousands digit of 158880?
8
What is the units digit of 1303?
3
What is the tens digit of 53940?
4
What is the tens digit of 44894?
9
What is the thousands digit of 6881?
6
What is the tens digit of 1178?
7
What is the tens digit of 2011?
1
What is the units digit of 46?
6
What is the hundreds digit of 11445?
4
What is the ten thousands digit of 38039?
3
What is the tens digit of 221?
2
What is the hundreds digit of 2194?
1
What is the units digit of 83358?
8
What is the hundreds digit of 11528?
5
What is the tens digit of 2789?
8
What is the units digit of 20065?
5
What is the units digit of 20154?
4
What is the hundreds digit of 507?
5
What is the tens digit of 2496?
9
What is the hundreds digit of 53119?
1
What is the hundreds digit of 24987?
9
What is the tens digit of 87681?
8
What is the thousands digit of 9265?
9
What is the units digit of 847?
7
What is the tens digit of 18748?
4
What is the hundreds digit of 682?
6
What is the thousands digit of 1236?
1
What is the units digit of 66883?
3
What is the tens digit of 11026?
2
What is the hundreds digit of 185301?
3
What is the tens digit of 2884?
8
What is the units digit of 3541?
1
What is the units digit of 4873?
3
What is the units digit of 11?
1
What is the tens digit of 1336?
3
What is the units digit of 742?
2
What is the units digit of 6934?
4
What is the ten thousands digit of 45112?
4
What is the ten thousands digit of 35043?
3
What is the tens digit of 1862?
6
What is the units digit of 5453?
3
What is the ten thousands digit of 21599?
2
What is the thousands digit of 11087?
1
What is the tens digit of 5536?
3
What is the tens digit of 14051?
5
What is the hundreds digit of 13501?
5
What is the tens digit of 1201?
0
What is the ten thousands digit of 13932?
1
What is the units digit of 1787?
7
What is the tens digit of 711?
1
What is the thousands digit of 1264?
1
What is the tens digit of 5450?
5
What is the tens digit of 5254?
5
What is the units digit of 10927?
7
What is the units digit of 6466?
6
What is the tens digit of 24139?
3
What is the tens digit of 67568?
6
What is the thousands digit of 20041?
0
What is the thousands digit of 9764?
9
What is the thousands digit of 2285?
2
What is the thousands digit of 2422?
2
What is the hundreds digit of 3195?
1
What is the ten thousands digit of 39048?
3
What is the units digit of 357?
7
What is the hundred thousands digit of 137447?
1
What is the thousands digit of 4285?
4
What is the tens digit of 85951?
5
What is the tens digit of 116942?
4
What is the units digit of 9265?
5
What is the hundreds digit of 5898?
8
What is the hundreds digit of 1035?
0
What is the hundreds digit of 13281?
2
What is the units digit of 404?
4
What is the units digit of 1229?
9
What is the units digit of 863?
3
What is the thousands digit of 27794?
7
What is the thousands digit of 20363?
0
What is the units digit of 879?
9
What is the thousands digit of 4890?
4
What is the tens digit of 4697?
9
What is the ten thousands digit of 24985?
2
What is the units digit of 1500?
0
What is the ten thousands digit of 21998?
2
What is the units digit of 79?
9
What is the hundreds digit of 4087?
0
What is the units digit of 755?
5
What is the hundreds digit of 1710?
7
What is the hundreds digit of 50494?
4
What is the tens digit of 67339?
3
What is the tens digit of 71?
7
What is the hundreds digit of 617?
6
What is the hundreds digit of 1292?
2
What is the units digit of 398?
8
What is the tens digit of 398?
9
What is the ten thousands digit of 16351?
1
What is the units digit of 7487?
7
What is the units digit of 84970?
0
What is the tens digit of 5689?
8
What is the units digit of 64037?
7
What is the tens digit of 527?
2
What is the hundreds digit of 3770?
7
What is the units digit of 56331?
1
What is the ten thousands digit of 83520?
8
What is the units digit of 49857?
7
What is the hundreds digit of 342?
3
What is the tens digit of 11094?
9
What is the hundreds digit of 16593?
5
What is the units digit of 28938?
8
What is the ten thousands digit of 21022?
2
What is the units digit of 3010?
0
What is the thousands digit of 35148?
5
What is the units digit of 971?
1
What is the hundreds digit of 2357?
3
What is the units digit of 18812?
2
What is the tens digit of 499?
9
What is the tens digit of 28660?
6
What is the units digit of 313?
3
What is the hundred thousands digit of 101784?
1
What is the thousands digit of 82327?
2
What is the tens digit of 17867?
6
What is the ten thousands digit of 32234?
3
What is the units digit of 5753?
3
What is the units digit of 1822?
2
What is the tens digit of 46?
4
What is the tens digit of 10932?
3
What is the units digit of 3799?
9
What is the tens digit of 70740?
4
What is the tens digit of 47511?
1
What is the units digit of 1310?
0
What is the tens digit of 7470?
7
What is the ten thousands digit of 43863?
4
What is the units digit of 668?
8
What is the units digit of 15720?
0
What is the thousands digit of 2955?
2
What is the tens digit of 398?
9
What is the thousands digit of 9175?
9
What is the units digit of 8706?
6
What is the thousands digit of 2085?
2
What is the tens digit of 5177?
7
What is the hundreds digit of 4279?
2
What is the ten thousands digit of 23501?
2
What is the hundreds digit of 997?
9
What is the hundreds digit of 4986?
9
What is the tens digit of 1856?
5
What is the units digit of 35743?
3
What is the tens digit of 11260?
6
What is the units digit of 94276?
6
What is the hundreds digit of 1484?
4
What is the tens digit of 15823?
2
What is the thousands digit of 8454?
8
What is the hundreds digit of 113?
1
What is the thousands digit of 1983?
1
What is the thousands digit of 16042?
6
What is the thousands digit of 3469?
3
What is the hundreds digit of 196?
1
What is the tens digit of 1136?
3
What is the thousands digit of 57257?
7
What is the tens digit of 928?
2
What is the hundreds digit of 23113?
1
What is the ten thousands digit of 19870?
1
What is the hundreds digit of 3985?
9
What is the hundreds digit of 1624?
6
What is the units digit of 45609?
9
What is the tens digit of 466?
6
What is the hundreds digit of 67928?
9
What is the tens digit of 58027?
2
What is the thousands digit of 102007?
2
What is the hundreds digit of 1970?
9
What is the thousands digit of 7906?
7
What is the tens digit of 2102?
0
What is the hundreds digit of 1134?
1
What is the thousands digit of 98702?
8
What is the tens digit of 3558?
5
What is the units digit of 7691?
1
What is the units digit of 599?
9
What is the units digit of 10104?
4
What is the tens digit of 69233?
3
What is the hundreds digit of 371?
3
What is the hundreds digit of 3779?
7
What is the tens digit of 6508?
0
What is the hundreds digit of 2046?
0
What is the hundreds digit of 775?
7
What is the hundreds digit of 14997?
9
What is the tens digit of 8141?
4
What is the thousands digit of 39556?
9
What is the units digit of 19862?
2
What is the hundreds digit of 7932?
9
What is the units digit of 2986?
6
What is the ten thousands digit of 19711?
1
What is the ten thousands digit of 12554?
1
What is the units digit